{"id":2,"date":"2016-05-10T03:48:21","date_gmt":"2016-05-10T03:48:21","guid":{"rendered":"http:\/\/netfamm.ch\/?page_id=2"},"modified":"2025-05-14T10:39:39","modified_gmt":"2025-05-14T10:39:39","slug":"sample-page","status":"publish","type":"page","link":"https:\/\/netfamm.ch\/","title":{"rendered":"Home"},"content":{"rendered":"<p>[et_pb_section fb_built=&#8220;1&#8243; admin_label=&#8220;Coffee Menu&#8220; _builder_version=&#8220;4.16&#8243; background_image=&#8220;https:\/\/netfamm.ch\/wp-content\/uploads\/2021\/11\/bg1-scaled.jpg&#8220; custom_padding=&#8220;100px|100px|500px|100px|false|false&#8220; global_colors_info=&#8220;{}&#8220;][\/et_pb_section][et_pb_section fb_built=&#8220;1&#8243; admin_label=&#8220;Great Coffee&#8220; _builder_version=&#8220;4.16&#8243; background_color=&#8220;#e2d4c0&#8243; background_image=&#8220;https:\/\/netfamm.ch\/wp-content\/uploads\/2021\/11\/section-bg-10.jpg&#8220; custom_margin=&#8220;|||&#8220; custom_padding=&#8220;10%|0px|0%|0px|false|false&#8220; global_colors_info=&#8220;{}&#8220;][et_pb_row _builder_version=&#8220;4.16&#8243; _module_preset=&#8220;default&#8220; custom_margin=&#8220;-150px||||false|false&#8220; global_colors_info=&#8220;{}&#8220;][et_pb_column type=&#8220;4_4&#8243; _builder_version=&#8220;4.16&#8243; _module_preset=&#8220;default&#8220; global_colors_info=&#8220;{}&#8220;][et_pb_text _builder_version=&#8220;4.16&#8243; _module_preset=&#8220;default&#8220; text_font=&#8220;||||||||&#8220; text_text_color=&#8220;#000000&#8243; text_font_size=&#8220;18px&#8220; text_letter_spacing=&#8220;1px&#8220; text_line_height=&#8220;1.8em&#8220; header_text_color=&#8220;#000000&#8243; global_colors_info=&#8220;{}&#8220;]<\/p>\n<p style=\"text-align: center;\">\n<p style=\"text-align: center;\">\n<h1 style=\"text-align: center;\">Herzlich Willkommen bei netfamm<\/h1>\n<p style=\"text-align: center;\">\n<p style=\"text-align: center;\"><strong>Netzwerk Familie und Migration<\/strong><\/p>\n<p style=\"text-align: center;\"><strong>Spezifische sozialp\u00e4dagogische Familienbegleitungen f\u00fcr die Migrationsbev\u00f6lkerung<\/strong><\/p>\n<p>[\/et_pb_text][et_pb_text _builder_version=&#8220;4.16&#8243; _module_preset=&#8220;default&#8220; text_font=&#8220;Montserrat||||||||&#8220; text_text_color=&#8220;#000000&#8243; text_font_size=&#8220;18px&#8220; text_line_height=&#8220;1.8em&#8220; global_colors_info=&#8220;{}&#8220;]<\/p>\n<p style=\"text-align: center;\">netfamm (Netzwerk Familie und Migration) unterst\u00fctzt Familien und Einzelpersonen mit Migrationshintergrund in schwierigen Lebenssituationen und hilft ihnen in der hiesigen Gesellschaft ein selbst\u00e4ndiges Leben zu f\u00fchren. Wir sind ein soziales Unternehmen, welches sich im Bereich der sozialp\u00e4dagogischen Begleitung von Familien und Einzelpersonen mit Migrationshintergrund spezialisiert hat.<\/p>\n<p style=\"text-align: center;\">Unsere migrationsspezifischen sozialp\u00e4dagogischen Begleitungen werden in den meisten F\u00e4llen in der Herkunftssprache der betroffenen Migrantinnen und Migranten durchgef\u00fchrt. Falls eine Begleitung in der Herkunftssprache nicht zu empfehlen ist, entscheiden wir mit allen Beteiligten gemeinsam, in welcher Sprache die Begleitung durchgef\u00fchrt werden soll.<\/p>\n<p style=\"text-align: center;\">Die Begleitungen finden im unmittelbaren Lebensumfeld der Klientinnen und Klienten statt und haben zum Ziel die migrationsspezifischen Herausforderungen und Risiken dieser Zielgruppe zu \u00fcberwinden. Das Kindeswohl steht immer in Zentrum unserer Arbeit mit den Familien.<\/p>\n<p>[\/et_pb_text][\/et_pb_column][\/et_pb_row][\/et_pb_section][et_pb_section fb_built=&#8220;1&#8243; admin_label=&#8220;Review Section&#8220; _builder_version=&#8220;4.16&#8243; background_color=&#8220;#f7f7f7&#8243; custom_margin=&#8220;2px||||false|false&#8220; custom_padding=&#8220;20px|0px|50px|0px|false|false&#8220; global_colors_info=&#8220;{}&#8220;][et_pb_row admin_label=&#8220;Review Row&#8220; _builder_version=&#8220;4.16&#8243; custom_padding=&#8220;50px|0px|0px|0px|false|false&#8220; global_colors_info=&#8220;{}&#8220;][et_pb_column type=&#8220;4_4&#8243; _builder_version=&#8220;4.16&#8243; custom_padding=&#8220;|||&#8220; global_colors_info=&#8220;{}&#8220; custom_padding__hover=&#8220;|||&#8220;][et_pb_text _builder_version=&#8220;4.27.4&#8243; _module_preset=&#8220;default&#8220; text_font=&#8220;Montserrat||||||||&#8220; text_text_color=&#8220;#000000&#8243; text_font_size=&#8220;22px&#8220; text_line_height=&#8220;2em&#8220; background_enable_color=&#8220;off&#8220; text_orientation=&#8220;center&#8220; border_radii=&#8220;on|8px|8px|8px|8px&#8220; border_width_all=&#8220;10px&#8220; border_color_all=&#8220;#FFFFFF&#8220; box_shadow_style=&#8220;preset1&#8243; global_colors_info=&#8220;{}&#8220;]<\/p>\n<p style=\"text-align: center;\">\n<p style=\"text-align: center;\">In den folgenden Sprachen bieten\u00a0 wir sozialp\u00e4dagogische Familienbegleitungen an<\/p>\n<p style=\"text-align: center;\">[\/et_pb_text][et_pb_text _builder_version=&#8220;4.27.4&#8243; _module_preset=&#8220;default&#8220; text_font=&#8220;Montserrat||||||||&#8220; text_line_height=&#8220;2em&#8220; background_color=&#8220;#f7f7f7&#8243; custom_margin=&#8220;50px||50px||false|false&#8220; custom_padding=&#8220;||0px||false|false&#8220; hover_enabled=&#8220;0&#8243; border_radii=&#8220;on|6px|6px|6px|6px&#8220; border_width_all=&#8220;20px&#8220; border_color_all=&#8220;#FFFFFF&#8220; box_shadow_style=&#8220;preset5&#8243; inline_fonts=&#8220;Montserrat&#8220; global_colors_info=&#8220;{}&#8220; sticky_enabled=&#8220;0&#8243;]<\/p>\n<p style=\"text-align: center;\">\n<p style=\"text-align: center;\"><span style=\"font-family: Montserrat; font-weight: normal; font-size: x-large;\"><span style=\"color: #e02b20;\"><strong><\/strong><\/span><\/span><\/p>\n<p style=\"text-align: center;\"><span style=\"font-family: Montserrat; font-weight: normal; font-size: x-large;\"><span style=\"color: #e02b20;\"><strong>Albanisch, <span style=\"color: #800080;\">Amhari, <\/span><\/strong><\/span><span style=\"color: #0c71c3;\"><strong>Arabisch, <\/strong><\/span><span style=\"color: #008000;\"><strong>Bosnisch, <\/strong><\/span><strong>Bulgarisch,<\/strong><strong>\u00a0<\/strong><span style=\"color: #e02b20;\"><strong>Dari,<\/strong><\/span><strong> \u00a0<\/strong><\/span><span style=\"font-family: Montserrat; font-weight: normal; font-size: x-large;\"><span style=\"color: #0c71c3;\"><strong>Deutsch,<\/strong><\/span><strong>\u00a0<\/strong><strong>Englisch, <\/strong><strong>\u00a0<\/strong><\/span><span style=\"font-family: Montserrat; font-weight: normal; font-size: x-large;\"><span style=\"color: #e02b20;\"><span style=\"color: #000000;\"><strong>Farsi, <span style=\"color: #8300e9;\">Hindi<\/span>,<\/strong><\/span><strong>\u00a0<\/strong><\/span><span style=\"color: #339966;\"><strong>Italienisch, <\/strong><\/span><strong>\u00a0<\/strong><\/span><span style=\"font-family: Montserrat; font-weight: normal; font-size: x-large;\"><span style=\"color: #0000ff;\"><strong>Kroatisch, <\/strong><\/span><strong><span style=\"color: #0c71c3;\"><span style=\"color: #000000;\">Kurdisch,<\/span> <span style=\"color: #008000;\">Mazedonisch,<\/span><\/span> <\/strong><\/span><span style=\"font-family: Montserrat; font-weight: normal; font-size: x-large;\"><span style=\"color: #ff0000;\"><strong>Montenegrinisch, <span style=\"color: #7cda24;\">Paschtu,<\/span>\u00a0 \u00a0<\/strong><\/span><\/span><span style=\"font-family: Montserrat; font-weight: normal; font-size: x-large;\"><span style=\"color: #ff00ff;\"><strong>Portugiesisch,<\/strong><\/span><span style=\"color: #008000;\"><strong><span style=\"color: #0000ff;\"> Russisch,<\/span>\u00a0<\/strong><\/span><\/span><span style=\"color: #e02b20;\"><strong style=\"font-family: Montserrat; font-size: x-large;\">Serbisch, <\/strong><\/span><span style=\"font-family: Montserrat; font-weight: normal; font-size: x-large;\"><strong><span style=\"color: #000000;\">Spanisch, <\/span><span style=\"color: #008000;\">Somalisch, <\/span><span style=\"color: #800080;\">Suaheli,<\/span><\/strong><\/span><span style=\"font-family: Montserrat; font-weight: normal; font-size: x-large;\"><strong><span style=\"color: #0000ff;\">\u00a0<\/span><\/strong><span style=\"color: #e02b20;\"><strong>Tamilisch,<\/strong><\/span><span style=\"color: #0c71c3;\"><strong>\u00a0<\/strong><\/span><\/span><span style=\"font-family: Montserrat; font-weight: normal; font-size: x-large;\"><span style=\"color: #0c71c3;\"><strong>Tigrinja,<\/strong><\/span><strong> \u00a0<\/strong><\/span><span style=\"font-family: Montserrat; font-weight: normal; font-size: x-large;\"><span style=\"color: #ff6600;\"><strong><span style=\"color: #339966;\">T\u00fcrkisch, <\/span><span style=\"color: #333333;\">Ungarisch,<\/span>\u00a0<span style=\"color: #ff0000;\">Zaza<\/span><\/strong><\/span><\/span><\/p>\n<p style=\"text-align: center;\"><span style=\"font-family: Montserrat; font-weight: normal; font-size: x-large;\"><span style=\"color: #ff6600;\"><strong><span style=\"color: #ff0000;\"><\/span><\/strong><\/span><\/span><\/p>\n<p style=\"text-align: center;\"><span style=\"font-family: Montserrat; font-weight: normal; font-size: x-large;\"><span style=\"color: #ff6600;\"><strong><span style=\"color: #ff0000;\"><\/span><\/strong><\/span><\/span><\/p>\n<p>[\/et_pb_text][\/et_pb_column][\/et_pb_row][\/et_pb_section][et_pb_section fb_built=&#8220;1&#8243; admin_label=&#8220;Footer&#8220; _builder_version=&#8220;4.16&#8243; background_color_gradient_direction=&#8220;90deg&#8220; background_image=&#8220;https:\/\/netfamm.ch\/wp-content\/uploads\/2021\/11\/section-bg-7.jpg&#8220; parallax=&#8220;on&#8220; custom_padding=&#8220;0px|0px|0px|0px&#8220; saved_tabs=&#8220;all&#8220; locked=&#8220;off&#8220; global_colors_info=&#8220;{}&#8220;][et_pb_row column_structure=&#8220;1_2,1_2&#8243; use_custom_gutter=&#8220;on&#8220; gutter_width=&#8220;1&#8243; make_equal=&#8220;on&#8220; admin_label=&#8220;Footer Row&#8220; module_class=&#8220; et_pb_row_fullwidth&#8220; _builder_version=&#8220;4.16&#8243; width=&#8220;100%&#8220; width_tablet=&#8220;100%&#8220; width_phone=&#8220;100%&#8220; width_last_edited=&#8220;on|desktop&#8220; max_width=&#8220;100%&#8220; max_width_tablet=&#8220;100%&#8220; max_width_phone=&#8220;100%&#8220; max_width_last_edited=&#8220;on|desktop&#8220; custom_margin=&#8220;|||&#8220; custom_padding=&#8220;0px|0px|0px|0px&#8220; animation_style=&#8220;fade&#8220; make_fullwidth=&#8220;on&#8220; global_colors_info=&#8220;{}&#8220;][et_pb_column type=&#8220;1_2&#8243; _builder_version=&#8220;4.16&#8243; background_color=&#8220;rgba(0,0,0,0.6)&#8220; custom_padding=&#8220;100px|10%|100px|10%&#8220; custom_padding_tablet=&#8220;100px|10%|100px|10%&#8220; custom_padding_phone=&#8220;100px|10%|100px|10%&#8220; custom_padding_last_edited=&#8220;on|phone&#8220; global_colors_info=&#8220;{}&#8220; padding_last_edited=&#8220;on|phone&#8220; custom_padding__hover=&#8220;|||&#8220;][et_pb_image src=&#8220;https:\/\/netfamm.ch\/wp-content\/uploads\/2021\/11\/Logo-netfamm-neu-1.jpg&#8220; title_text=&#8220;Logo netfamm neu&#8220; _builder_version=&#8220;4.16&#8243; _module_preset=&#8220;default&#8220; global_colors_info=&#8220;{}&#8220;][\/et_pb_image][et_pb_text _builder_version=&#8220;4.16&#8243; _module_preset=&#8220;default&#8220; text_font=&#8220;Nunito||||||||&#8220; text_text_color=&#8220;#FFFFFF&#8220; text_font_size=&#8220;18px&#8220; text_line_height=&#8220;2em&#8220; global_colors_info=&#8220;{}&#8220;]Netzwerk Familie und Migration<\/p>\n<p>Spezifische sozialp\u00e4dagogische Familienbegleitungen f\u00fcr die Migrationsbev\u00f6lkerung in der Herkunftssprache[\/et_pb_text][\/et_pb_column][et_pb_column type=&#8220;1_2&#8243; _builder_version=&#8220;4.16&#8243; background_color=&#8220;#000000&#8243; custom_padding=&#8220;100px|10%|100px|10%&#8220; global_colors_info=&#8220;{}&#8220; custom_padding__hover=&#8220;|||&#8220;][et_pb_text admin_label=&#8220;Texts&#8220; _builder_version=&#8220;4.16&#8243; text_font=&#8220;Oswald||||&#8220; link_font=&#8220;||||||||&#8220; ul_font=&#8220;||||||||&#8220; ol_font=&#8220;||||||||&#8220; quote_font=&#8220;||||||||&#8220; header_font=&#8220;||||||||&#8220; header_2_font=&#8220;Oswald|||on|||||&#8220; header_2_text_align=&#8220;left&#8220; header_2_font_size=&#8220;40px&#8220; header_2_letter_spacing=&#8220;2px&#8220; header_2_line_height=&#8220;1.5em&#8220; background_layout=&#8220;dark&#8220; custom_margin=&#8220;||4%|&#8220; custom_padding=&#8220;|||&#8220; locked=&#8220;off&#8220; global_colors_info=&#8220;{}&#8220;]<\/p>\n<h2>Kontakt<\/h2>\n<p>[\/et_pb_text][et_pb_text admin_label=&#8220;Texts&#8220; _builder_version=&#8220;4.16&#8243; text_font=&#8220;Nunito||||&#8220; text_font_size=&#8220;18px&#8220; header_font=&#8220;Oswald|||on|&#8220; header_text_color=&#8220;#DCA57D&#8220; header_font_size=&#8220;16px&#8220; header_letter_spacing=&#8220;2px&#8220; header_line_height=&#8220;1.7em&#8220; header_4_font=&#8220;Oswald|||on|||||&#8220; header_4_text_color=&#8220;#DCA57D&#8220; header_4_font_size=&#8220;16px&#8220; header_4_letter_spacing=&#8220;1px&#8220; header_4_line_height=&#8220;1.5em&#8220; background_layout=&#8220;dark&#8220; custom_margin=&#8220;||6%|&#8220; locked=&#8220;off&#8220; global_colors_info=&#8220;{}&#8220;]<\/p>\n<h4>Telefon<\/h4>\n<p>031 301 03 40<\/p>\n<p>Mo &#8211; Fr : 09:00-12:00\u00a0 \u00a014:00-17:00[\/et_pb_text][et_pb_text admin_label=&#8220;Texts&#8220; _builder_version=&#8220;4.16&#8243; text_font=&#8220;Nunito||||&#8220; text_font_size=&#8220;18px&#8220; header_font=&#8220;Oswald|||on|&#8220; header_text_color=&#8220;#DCA57D&#8220; header_font_size=&#8220;16px&#8220; header_letter_spacing=&#8220;2px&#8220; header_line_height=&#8220;1.7em&#8220; header_4_font=&#8220;Oswald|||on|||||&#8220; header_4_text_color=&#8220;#DCA57D&#8220; header_4_font_size=&#8220;16px&#8220; header_4_letter_spacing=&#8220;1px&#8220; header_4_line_height=&#8220;1.5em&#8220; background_layout=&#8220;dark&#8220; custom_margin=&#8220;||6%|&#8220; locked=&#8220;off&#8220; global_colors_info=&#8220;{}&#8220;]<\/p>\n<h4>Mail<\/h4>\n<p>info@netfamm.ch[\/et_pb_text][et_pb_text admin_label=&#8220;Texts&#8220; _builder_version=&#8220;4.16&#8243; text_font=&#8220;Nunito||||&#8220; text_font_size=&#8220;18px&#8220; text_line_height=&#8220;1.5em&#8220; header_font=&#8220;Oswald|||on|&#8220; header_text_color=&#8220;#DCA57D&#8220; header_font_size=&#8220;16px&#8220; header_letter_spacing=&#8220;2px&#8220; header_line_height=&#8220;1.7em&#8220; header_4_font=&#8220;Oswald|||on|||||&#8220; header_4_text_color=&#8220;#DCA57D&#8220; header_4_font_size=&#8220;16px&#8220; header_4_letter_spacing=&#8220;1px&#8220; header_4_line_height=&#8220;1.5em&#8220; background_layout=&#8220;dark&#8220; custom_margin=&#8220;||6%|&#8220; locked=&#8220;off&#8220; global_colors_info=&#8220;{}&#8220;]<\/p>\n<h4>Adresse<\/h4>\n<p>Erlachstrasse 14,<br \/>\n3012\u00a0 \u00a0Bern[\/et_pb_text][et_pb_text admin_label=&#8220;Texts&#8220; _builder_version=&#8220;4.16&#8243; text_font=&#8220;Nunito||||&#8220; text_font_size=&#8220;18px&#8220; text_letter_spacing=&#8220;1px&#8220; header_font=&#8220;Oswald|||on|&#8220; header_text_color=&#8220;#DCA57D&#8220; header_font_size=&#8220;16px&#8220; header_letter_spacing=&#8220;2px&#8220; header_line_height=&#8220;1.7em&#8220; header_4_font=&#8220;Oswald|||on|||||&#8220; header_4_text_color=&#8220;#DCA57D&#8220; header_4_font_size=&#8220;16px&#8220; header_4_letter_spacing=&#8220;1px&#8220; header_4_line_height=&#8220;1.5em&#8220; background_layout=&#8220;dark&#8220; custom_margin=&#8220;||6%|&#8220; locked=&#8220;off&#8220; global_colors_info=&#8220;{}&#8220;]<\/p>\n<h4><\/h4>\n<p>Smart Social Solutions GmbH[\/et_pb_text][\/et_pb_column][\/et_pb_row][\/et_pb_section]<\/p>\n","protected":false},"excerpt":{"rendered":"<p>Herzlich Willkommen bei netfamm Netzwerk Familie und Migration Spezifische sozialp\u00e4dagogische Familienbegleitungen f\u00fcr die Migrationsbev\u00f6lkerungnetfamm (Netzwerk Familie und Migration) unterst\u00fctzt Familien und Einzelpersonen mit Migrationshintergrund in schwierigen Lebenssituationen und hilft ihnen in der hiesigen Gesellschaft ein selbst\u00e4ndiges Leben zu f\u00fchren. Wir sind ein soziales Unternehmen, welches sich im Bereich der sozialp\u00e4dagogischen Begleitung von Familien und Einzelpersonen [&hellip;]<\/p>\n","protected":false},"author":5,"featured_media":0,"parent":0,"menu_order":0,"comment_status":"closed","ping_status":"closed","template":"","meta":{"_et_pb_use_builder":"on","_et_pb_old_content":"This is an example page. It's different from a blog post because it will stay in one place and will show up in your site navigation (in most themes). Most people start with an About page that introduces them to potential site visitors. It might say something like this:\n<blockquote>Hi there! I'm a bike messenger by day, aspiring actor by night, and this is my website. I live in Los Angeles, have a great dog named Jack, and I like pi\u00f1a coladas. (And gettin' caught in the rain.)<\/blockquote>\n...or something like this:\n<blockquote>The XYZ Doohickey Company was founded in 1971, and has been providing quality doohickeys to the public ever since. Located in Gotham City, XYZ employs over 2,000 people and does all kinds of awesome things for the Gotham community.<\/blockquote>\nAs a new WordPress user, you should go to <a href=\"https:\/\/netfamm.ch\/wp-admin\/\">your dashboard<\/a> to delete this page and create new pages for your content. Have fun!","_et_gb_content_width":"","footnotes":""},"class_list":["post-2","page","type-page","status-publish","hentry"],"yoast_head":"<!-- This site is optimized with the Yoast SEO plugin v27.4 - https:\/\/yoast.com\/product\/yoast-seo-wordpress\/ -->\n<title>Home - Netfamm<\/title>\n<meta name=\"robots\" content=\"index, follow, max-snippet:-1, max-image-preview:large, max-video-preview:-1\" \/>\n<link rel=\"canonical\" href=\"https:\/\/netfamm.ch\/\" \/>\n<meta property=\"og:locale\" content=\"de_DE\" \/>\n<meta property=\"og:type\" content=\"article\" \/>\n<meta property=\"og:title\" content=\"Home - Netfamm\" \/>\n<meta property=\"og:description\" content=\"Herzlich Willkommen bei netfamm Netzwerk Familie und Migration Spezifische sozialp\u00e4dagogische Familienbegleitungen f\u00fcr die Migrationsbev\u00f6lkerungnetfamm (Netzwerk Familie und Migration) unterst\u00fctzt Familien und Einzelpersonen mit Migrationshintergrund in schwierigen Lebenssituationen und hilft ihnen in der hiesigen Gesellschaft ein selbst\u00e4ndiges Leben zu f\u00fchren. Wir sind ein soziales Unternehmen, welches sich im Bereich der sozialp\u00e4dagogischen Begleitung von Familien und Einzelpersonen [&hellip;]\" \/>\n<meta property=\"og:url\" content=\"https:\/\/netfamm.ch\/\" \/>\n<meta property=\"og:site_name\" content=\"Netfamm\" \/>\n<meta property=\"article:modified_time\" content=\"2025-05-14T10:39:39+00:00\" \/>\n<meta name=\"twitter:card\" content=\"summary_large_image\" \/>\n<meta name=\"twitter:label1\" content=\"Gesch\u00e4tzte Lesezeit\" \/>\n\t<meta name=\"twitter:data1\" content=\"2\u00a0Minuten\" \/>\n<script type=\"application\/ld+json\" class=\"yoast-schema-graph\">{\"@context\":\"https:\\\/\\\/schema.org\",\"@graph\":[{\"@type\":\"WebPage\",\"@id\":\"https:\\\/\\\/netfamm.ch\\\/\",\"url\":\"https:\\\/\\\/netfamm.ch\\\/\",\"name\":\"Home - Netfamm\",\"isPartOf\":{\"@id\":\"https:\\\/\\\/netfamm.ch\\\/#website\"},\"datePublished\":\"2016-05-10T03:48:21+00:00\",\"dateModified\":\"2025-05-14T10:39:39+00:00\",\"breadcrumb\":{\"@id\":\"https:\\\/\\\/netfamm.ch\\\/#breadcrumb\"},\"inLanguage\":\"de\",\"potentialAction\":[{\"@type\":\"ReadAction\",\"target\":[\"https:\\\/\\\/netfamm.ch\\\/\"]}]},{\"@type\":\"BreadcrumbList\",\"@id\":\"https:\\\/\\\/netfamm.ch\\\/#breadcrumb\",\"itemListElement\":[{\"@type\":\"ListItem\",\"position\":1,\"name\":\"Startseite\",\"item\":\"https:\\\/\\\/netfamm.ch\\\/\"},{\"@type\":\"ListItem\",\"position\":2,\"name\":\"Home\"}]},{\"@type\":\"WebSite\",\"@id\":\"https:\\\/\\\/netfamm.ch\\\/#website\",\"url\":\"https:\\\/\\\/netfamm.ch\\\/\",\"name\":\"Netfamm\",\"description\":\"netzwerk familie und migration\",\"potentialAction\":[{\"@type\":\"SearchAction\",\"target\":{\"@type\":\"EntryPoint\",\"urlTemplate\":\"https:\\\/\\\/netfamm.ch\\\/?s={search_term_string}\"},\"query-input\":{\"@type\":\"PropertyValueSpecification\",\"valueRequired\":true,\"valueName\":\"search_term_string\"}}],\"inLanguage\":\"de\"}]}<\/script>\n<!-- \/ Yoast SEO plugin. -->","yoast_head_json":{"title":"Home - Netfamm","robots":{"index":"index","follow":"follow","max-snippet":"max-snippet:-1","max-image-preview":"max-image-preview:large","max-video-preview":"max-video-preview:-1"},"canonical":"https:\/\/netfamm.ch\/","og_locale":"de_DE","og_type":"article","og_title":"Home - Netfamm","og_description":"Herzlich Willkommen bei netfamm Netzwerk Familie und Migration Spezifische sozialp\u00e4dagogische Familienbegleitungen f\u00fcr die Migrationsbev\u00f6lkerungnetfamm (Netzwerk Familie und Migration) unterst\u00fctzt Familien und Einzelpersonen mit Migrationshintergrund in schwierigen Lebenssituationen und hilft ihnen in der hiesigen Gesellschaft ein selbst\u00e4ndiges Leben zu f\u00fchren. Wir sind ein soziales Unternehmen, welches sich im Bereich der sozialp\u00e4dagogischen Begleitung von Familien und Einzelpersonen [&hellip;]","og_url":"https:\/\/netfamm.ch\/","og_site_name":"Netfamm","article_modified_time":"2025-05-14T10:39:39+00:00","twitter_card":"summary_large_image","twitter_misc":{"Gesch\u00e4tzte Lesezeit":"2\u00a0Minuten"},"schema":{"@context":"https:\/\/schema.org","@graph":[{"@type":"WebPage","@id":"https:\/\/netfamm.ch\/","url":"https:\/\/netfamm.ch\/","name":"Home - Netfamm","isPartOf":{"@id":"https:\/\/netfamm.ch\/#website"},"datePublished":"2016-05-10T03:48:21+00:00","dateModified":"2025-05-14T10:39:39+00:00","breadcrumb":{"@id":"https:\/\/netfamm.ch\/#breadcrumb"},"inLanguage":"de","potentialAction":[{"@type":"ReadAction","target":["https:\/\/netfamm.ch\/"]}]},{"@type":"BreadcrumbList","@id":"https:\/\/netfamm.ch\/#breadcrumb","itemListElement":[{"@type":"ListItem","position":1,"name":"Startseite","item":"https:\/\/netfamm.ch\/"},{"@type":"ListItem","position":2,"name":"Home"}]},{"@type":"WebSite","@id":"https:\/\/netfamm.ch\/#website","url":"https:\/\/netfamm.ch\/","name":"Netfamm","description":"netzwerk familie und migration","potentialAction":[{"@type":"SearchAction","target":{"@type":"EntryPoint","urlTemplate":"https:\/\/netfamm.ch\/?s={search_term_string}"},"query-input":{"@type":"PropertyValueSpecification","valueRequired":true,"valueName":"search_term_string"}}],"inLanguage":"de"}]}},"_links":{"self":[{"href":"https:\/\/netfamm.ch\/index.php?rest_route=\/wp\/v2\/pages\/2","targetHints":{"allow":["GET"]}}],"collection":[{"href":"https:\/\/netfamm.ch\/index.php?rest_route=\/wp\/v2\/pages"}],"about":[{"href":"https:\/\/netfamm.ch\/index.php?rest_route=\/wp\/v2\/types\/page"}],"author":[{"embeddable":true,"href":"https:\/\/netfamm.ch\/index.php?rest_route=\/wp\/v2\/users\/5"}],"replies":[{"embeddable":true,"href":"https:\/\/netfamm.ch\/index.php?rest_route=%2Fwp%2Fv2%2Fcomments&post=2"}],"version-history":[{"count":64,"href":"https:\/\/netfamm.ch\/index.php?rest_route=\/wp\/v2\/pages\/2\/revisions"}],"predecessor-version":[{"id":1003,"href":"https:\/\/netfamm.ch\/index.php?rest_route=\/wp\/v2\/pages\/2\/revisions\/1003"}],"wp:attachment":[{"href":"https:\/\/netfamm.ch\/index.php?rest_route=%2Fwp%2Fv2%2Fmedia&parent=2"}],"curies":[{"name":"wp","href":"https:\/\/api.w.org\/{rel}","templated":true}]}}